 - (-4)/6. Let l be ((-15)/t)/(3/(-6)). Suppose -c - 27 + 2 = l*j, 5*j + 5*c = -45. Calculate r(j).
-6
Let j be (-22)/(-4) + (-2)/4. Let t(o) = 0*o**2 + 9 + 3*o + o**2 + j*o. Calculate t(-6).
-3
Let i(g) = g - 1. Let k(v) be the third derivative of -v**5/60 - v**3/2 - 2*v**2. Let l(q) = 5*i(q) - k(q). Give l(-6).
4
Let i(u) be the third derivative of -u**7/2520 - u**6/360 + u**5/60 - u**4/8 - u**2. Let w(t) be the second derivative of i(t). Calculate w(-3).
-1
Let c(z) be the first derivative of 1 - 1/2*z**2 + 9*z. Determine c(5).
4
Let y(q) = q**3 - 3*q**2 - 5*q + 1. Let g(x) = -2*x**3 + x**2 + 6*x. Let s(a) = 2*g(a) + 3*y(a). Determine s(-6).
-15
Let h(w) = -2*w**3 + 2*w**2 + 3*w - 2. Let a be 14/4 + 9/(-6). Calculate h(a).
-4
Let r(n) = n**3 - 6*n**2 - 2*n + 4. Let z = -4 + 7. Suppose -s + d = -z, -2*d + 7 - 1 = 0. What is r(s)?
-8
Let r(k) = -4*k + 2 - 2*k**2 + 2*k + k**2. Let d be ((-152)/(-133))/((-2)/7). Give r(d).
-6
Let j(p) = p**3 + 4*p**2 - 6*p - 6. Let f(y) = -y + 2 + 0*y - 3. Let o = -11 - -15. Let g be f(o). What is j(g)?
-1
Let h(j) = -4*j**2 - 6. Let z(o) = 3*o**2 - o + 6. Let r(f) = -4*h(f) - 5*z(f). Determine r(-6).
0
Let m(l) = l**2 - 5*l + 3. Let z be m(3). Suppose -2*d + c + 8 = 0, 4*d + 7*c + 4 = 4*c. Let r(o) = 0*o**d - o - o - o**2. Give r(z).
-3
Suppose 4*v = v - 5*z - 2, -2*v - 16 = -4*z. Let u(m) = m**2 + 1. Let g(r) = 5*r**2 - 5*r. Let j(p) = -g(p) + 6*u(p). Give j(v).
2
Let u(a) be the second derivative of a**4/12 - a**3/6 + 9*a**2/2 - 9*a. Let y = -8 + 4. Let d = -4 - y. Determine u(d).
9
Let s(m) = 4*m + 4. Let z(g) = -23*g - 23. Let r(b) = -34*s(b) - 6*z(b). Give r(-5).
-8
Let w(f) be the third derivative of -f**4/24 + 5*f**3/6 - 17*f**2. Determine w(-4).
9
Suppose 7*h = 11*h - 4. Let a(b) = -11*b**2 - b. What is a(h)?
-12
Let b(a) be the first derivative of -a**2 - 3*a + 1. Suppose -4*r - 19 = 13. Let q = -11 - r. What is b(q)?
3
Let w(z) = z**2 + z + 2. Let f be (-1 - (-1 - -1) - -5)*-1. Calculate w(f).
14
Let c(v) = v**3 - 6*v**2 - 4*v - 4. Let j be (2/6)/((-1)/(-21)). Calculate c(j).
17
Suppose -5*c = -4*d - 2, -14 = 4*d - 0*c + c. Suppose -y = -3*x - 2*x - 5, -2 = -4*y + 2*x. Let p(n) = 3*n - 2 + y + n**2 + 0. Determine p(d).
-2
Let f = 81 + -75. Let q(r) = -r**3 + 7*r**2 - 6*r - 6. Determine q(f).
-6
Let q(v) = -v**2 + 8*v - 8. Suppose 29 = 4*n - y, 4 - 3 = n + y. Determine q(n).
4
Let c be (-4)/(-5)*(-10)/4. Let t(z) = -2*z**3 + z**3 - 3*z**2 + z**2 - 3 - 4*z - 2*z**2. What is t(c)?
-3
Suppose 4*j + 0*o = o + 7, -7 = -j - 5*o. Suppose -3*g + 4 = -j*g. Let l = g - 3. Let v(h) = 3*h**2 + 2*h - 1. Determine v(l).
4
Let f = 7 - 11. Let h(s) = 6*s - 1. Give h(f).
-25
Let q(t) = -4*t**3 + 4*t**2 + 3*t - 19. Let b(v) = 9*v**3 - 9*v**2 - 7*v + 37. Let l(s) = 3*b(s) + 7*q(s). What is l(0)?
-22
Let w(q) = 4*q**3 - 3 + 5 - 3*q**3 - 5*q**2. Suppose 21*l = 25 + 80. Determine w(l).
2
Suppose n = -1, 3*n - 8*n = -3*o - 46. Let d = o + 23. Let h(i) be the second derivative of -i**5/20 + 7*i**4/12 - i**3 - 2*i**2 - i. Calculate h(d).
-4
Let c be (-4)/6 - 8/(-3). Let x(n) = -1 + 29*n**2 - 14*n**2 - 14*n**2. Give x(c).
3
Let n(a) be the first derivative of a**2/2 + a + 41. Determine n(4).
5
Let y be 9/3 - 0/(-2). Let d(t) = 4*t**3 + 4*t**2 - 8*t - 5. Let p(h) = 7*h**3 + 7*h**2 - 15*h - 9. Let w(b) = y*p(b) - 5*d(b). Give w(-3).
-5
Let a(u) = -u**3 + 4*u**2 - u - 5. Suppose 0*v = 5*v - 15. Let x = v - 7. Let n be (-1 - 1)*x/2. Determine a(n).
-9
Let c(u) be the third derivative of -1/20*u**5 - 1/120*u**6 + 0 + 0*u - 2*u**2 - 1/12*u**4 + 0*u**3. Let r be 32/(-12) + (-2)/(-3). What is c(r)?
0
Let c(t) = t**2 - 2*t + 1. Let g(i) = -2*i**2 + 10*i - 5. Let o be g(4). Calculate c(o).
4
Let a(m) = 3*m - 3. Suppose -b + 13 + 7 = 0. Let h = b - 24. Give a(h).
-15
Let w(k) = 4*k**2 + 2*k - 1. Let m = -2 - -6. Let y(x) = -5*x**2 - x + 2. Let a(c) = m*w(c) + 3*y(c). Calculate a(-5).
2
Let g be ((-10)/1)/(-2 - -1). Let v be (-2)/(-10) + 18/g. Let j(a) = -3*a**v - 2*a**2 + 5 + 3*a + 4*a**2. Calculate j(5).
-5
Let w = 16 + -11. Let u(v) = 6*v**2 - w*v**2 + 2*v - 4*v + 1 - 3*v. Calculate u(4).
-3
Let s be 2/6 + 70/15. Let x(o) = 7 + 2 + s - 6*o. Let h(t) = 2*t - 5. Let p(f) = 11*h(f) + 4*x(f). Determine p(4).
-7
Let g = -21 - -21. Let w(a) be the first derivative of -a**2/2 + 4*a + 3. What is w(g)?
4
Let f(g) = g**3 + 5*g**2 + 3. Suppose 21 = 5*u + 46. What is f(u)?
3
Let v(z) = -2*z - 3. Let h(o) = -8*o**3 - o + 1. Let a be h(1). Let u = 13 + a. Suppose x = -0 - u. Give v(x).
7
Let t be 9 + 3/(-1) + -8 + 8. Let v(j) = -5*j + 4. Let c(g) = 14*g - 11. Let l(k) = -4*c(k) - 11*v(k). What is l(t)?
-6
Let q(c) = -6*c + 17. Let i(l) = -l + 11. Let p be i(0). Let m(v) = -2*v + 6. Let t(u) = p*m(u) - 4*q(u). What is t(-2)?
-6
Let v(n) be the third derivative of n**5/60 + n**4/24 + n**3/6 + n**2. Let s = 1 - -2. Let k(q) = q**2 - 3*q - 2. Let t be k(s). Determine v(t).
3
Let z(w) = w**2 - 16*w + 43. Let t be z(12). Let x(u) = -2*u + 2. Calculate x(t).
12
Let z(x) = -3*x**3 + 20*x**2 + 10*x - 26. Let l(i) = -i**3 + 7*i**2 + 3*i - 9. Let a(j) = -8*l(j) + 3*z(j). Determine a(5).
-1
Let h(p) = -p**3 - 10*p**2 - p - 10. Suppose 89 = -5*y + 39. Give h(y).
0
Let r(w) = w - 1. Suppose 0 = 2*v - 4*g - 2 + 4, 5*v = 3*g - 26. Let h be ((-6)/v)/(2/14). Suppose -h*p + 2*p = 0. Determine r(p).
-1
Let g(y) = y + 1. Let w be (-2 + 3/6)*(10 - 16). Determine g(w).
10
Let a = 10 - 5. Let f(o) = -o**3 + 4*o**2 + 5*o - 6. Let x be f(a). Let k(j) = -j**2 - 6*j - 5. Determine k(x).
-5
Let j(r) = -r + 65 - 36 - 29. Let k(l) = 4*l + 1. Let t = -5 - -10. Let x(z) = t*j(z) + k(z). What is x(0)?
1
Let l(p) = -10*p**2 - 2*p - 3. Let c(i) be the third derivative of i**5/20 + i**4/24 + i**3/6 - 2*i**2. Let h(s) = 7*c(s) + 2*l(s). Give h(-4).
5
Let n(g) = -g - 1. Let w be 69/21 + (-4)/14. Let f be -1*3*(-4)/w. What is n(f)?
-5
Suppose 2*n + 0*n = -q + 6, 2 = 2*q + 2*n. Let w(s) = s**3 + 3*s**2 - 2*s - 3. What is w(q)?
-11
Let s = 9 + -4. Let u = -13 - -8. Let g(k) = -k**2 + 9*k - 7. Let p(j) = j**2 - 10*j + 8. Let z(c) = u*p(c) - 6*g(c). Calculate z(s).
7
Let f(w) = w**3 + 5*w**2 + 5*w + 2. Suppose 2*u - 8*u = 24. What is f(u)?
-2
Let h(z) = z - 13. Let g(m) = m**3 + 4*m**2 - 5*m + 2. Let v be g(-5). Let c(u) = 2*u**2 - 2*u + 2. Let i be c(v). Determine h(i).
-7
Suppose 2*q - 5*q + 24 = -3*y, 3*q = 5*y + 30. Let c(s) = s**2 + s + 1. Let z(b) = -b**3 + 1 - 8 + 2 - 8*b**2. Let w(u) = q*c(u) + z(u). Calculate w(-4).
-4
Let o(g) = -g**3 - g**2 + 2. Let t be o(0). Let c(p) = t + 3*p - 4 + 3. Give c(3).
10
Let o(m) = m + 7. Suppose 5*q + 23 = 5*u - 7, 2*q + 12 = 5*u. Determine o(q).
1
Let d(f) = 2*f**2 - 10*f + 11. Let o(c) = 3*c**2 - 11*c + 12. Let t(s) = 4*d(s) - 3*o(s). Determine t(-9).
-10
Let w(v) = v - 2. Let y be w(8). Suppose -8 + y = 2*q. Let a be (7 - q)/(-3 + 5). Let z(u) = u**3 - 3*u**2 - 4*u + 4. Give z(a).
4
Let f(t) = 24*t**2 - 1 - 30*t**2 + 1. Calculate f(1).
-6
Let i(f) be the first derivative of f**6/360 + f**5/30 + f**4/4 - 2*f**3/3 - 2. Let c(o) be the third derivative of i(o). What is c(-5)?
11
Suppose -5*m + 9 = -3*i, -5*m + 1 + 10 = -2*i. Let s(d) = -3*d - 3*d + 2 - 5*d**2 + m*d - d**3. Calculate s(-3).
-7
Let v be 5/(-25) - 3/(-15). Suppose 3*z - 4*z = -1. Let w(g) = 4*g - g**3 - 3*g - g**2 + z + 0*g**3. Determine w(v).
1
Let m(x) be the third derivative of -x**5/60 + x**4/6 - x**3/6 + x**2. What is m(4)?
-1
Suppose -2*i - 5 = -15. Let n = 2 - 0. Let y(r) = 2*r + 5 - 4*r**2 + 0*r**2 - 1 + i*r**n. Give y(-3).
7
Let w = -75 + 75. Let q(o) be the second derivative of w + o**2 + 1/3*o**3 - 3*o. Give q(-5).
-8
Let n = -7 - -8. Let s(v) = 7*v**2 + v. Calculate s(n).
8
Let i = -58 + 65. Let p(g) = 3*g - 10. Determine p(i).
11
Let p(t) = t**3 + 5*t**2 - 2*t - 4. Suppose 0 = i + 12 - 7. What is p(i)?
6
Let t(g) = 2*g**2 - 2*g**2 + 7 + 36*g + g**2 - 29*g. Give t(-6).
1
Suppose 9*i + 58 = 13. Let j(g) = g + 9. What is j(i)?
4
Suppose 0 = 5*s - 10, 2*l + 4*s = -l + 41. Suppose -2*u = 8, -2*v = v + u - l. Let f(p) = -v*p**3 + 6*p**3 + 4*p**2 - 3 + p**2 + 3*p. Calculate f(-4).
1
Let g = 1 + 2. Let c(i) = -i**3 + 4*i**2 - i + 1. Calculate c(g).
7
Let j(x) = x + 4*x + 0*x. Suppose 0 = -2*y - 2*y - 4. Give j(y).
-5
Let o(b) = -b**2 - 1. Let m(p) = -p**2 + 6*p + 7. Let h be m